be the third derivative of -g**8/6720 - g**7/2520 + g**6/240 - g**5/40 - g**4/8 - 4*g**2. Let q(j) be the second derivative of t(j). Give q(-3).
6
Let l(y) = 1 + 4*y**2 + y**2 + y - 2*y + 0*y. Calculate l(1).
5
Let w(i) = -2*i. Suppose o + 8*n - 12*n - 9 = 0, -3*o - 2*n = 15. Give w(o).
6
Let d(z) = 4*z + 4. Let y be 9*3*(-4)/12. Let t(b) = -b**3 - 11*b**2 - 18*b - 3. Let w be t(y). Calculate d(w).
-8
Let v(x) = 0 - 1 + 0*x - x + 2*x. Let o(k) = k - 1. Let y(u) = 5*o(u) - 6*v(u). Let z be 14/(-4) - (-2)/4. Calculate y(z).
4
Let l(m) = -m**2 - 10*m - 3. Let y be l(-10). Let f(p) = -p**2 - p - 1. Let r(x) = 3*x**2 + 2*x + 2. Let b(t) = y*r(t) - 7*f(t). Determine b(-3).
-20
Let u(v) = -v**2 + 3*v + 4. Let x be 209/38 + (6/(-4) - -1). What is u(x)?
-6
Let c(p) = 24 - 4*p + 3*p + 5*p + 3*p. Determine c(-4).
-4
Let h(c) be the third derivative of -c**4/24 - 7*c**3/6 + 35*c**2. Let s(k) = -k**2 + 4*k + 5. Let z be s(5). Determine h(z).
-7
Let l be -1 - (-1 + 1)/1. Let r(x) = -16*x + 5. Suppose 0 = -4*a + 7*a + 12. Let c(m) = 8*m - 3. Let s(z) = a*r(z) - 7*c(z). Calculate s(l).
-7
Let w(g) = 17*g**2 + g - 1. Let r be 1*4*(-3)/(-12). Let d be w(r). Suppose 2*h = -3 + d. Let s(p) = p**3 - 8*p**2 + 8*p - 7. Determine s(h).
0
Let l(a) = -a**3 - 2*a**2 + 3*a - 4. Let z = 3 - 0. Let w = -3 + z. Suppose 0 = -v - w*v + 3*r - 3, -5*r = 0. Give l(v).
-4
Let f(q) = -q**2 - q - 1. Let d = -98 - -102. Suppose -5*k = -3*k + d. Calculate f(k).
-3
Let l(m) = 2*m - 13. Suppose 2*p - 23*p + 315 = 0. What is l(p)?
17
Let g(n) = 10*n**3 + 6*n**2 - 28*n - 28. Let f(i) = 7*i**3 + 4*i**2 - 19*i - 19. Let x(t) = 7*f(t) - 5*g(t). Calculate x(-4).
11
Let y(k) = -k**3 + 6*k**2 - 6*k. Suppose 2*i - 5*i + 171 = 0. Let u = 38 - i. Let x = -15 - u. Calculate y(x).
8
Let h(o) be the first derivative of o**3/3 + 4*o**2 + 3*o - 8. Let c be h(-7). Let f(x) = -3*x - 4. Give f(c).
8
Let r(v) be the first derivative of -v**4/4 + 7*v**3/3 - 9*v**2/2 + 4*v + 10. Let l = 29 - 23. Give r(l).
-14
Let g(p) = p**2 + 27*p + 51. Let n(b) = 2*b**2 + 44*b - 25. Let m be n(-22). Calculate g(m).
1
Let f(y) = -3*y - 8. Let h = 264 + -271. Calculate f(h).
13
Let j(t) be the third derivative of t**7/2520 - t**5/30 + t**4/12 - 6*t**2. Let y(b) be the second derivative of j(b). Calculate y(-4).
12
Suppose -9*y + 267 = 186. Let s(j) be the third derivative of -j**5/60 + 3*j**4/8 + 2*j**3 - j**2. What is s(y)?
12
Let u(w) = -292*w + 96*w + 6 + 41 + 102*w + 93*w. What is u(0)?
47
Suppose 0 = -13*w - 2 + 28. Let g(d) = 2 - 1 - 2 - 13*d**w - d - 10*d**3 + 12*d**2. What is g(-1)?
9
Suppose 2*o = -2*o + 8. Suppose -c + 5 = 2*x, -3*x - o = -5. Let j(p) = -3*p + 10*p + 12*p - 8*p - 9*p. Determine j(c).
6
Suppose 0 = -3*w + 2*n - 7, 0 = -5*w + w + 5*n - 21. Let i(z) be the first derivative of 2/3*z**3 + w + 1/2*z**4 + z**2 + 3*z. Give i(-2).
-9
Suppose -9*l + 63 = -2*l. Suppose -2*w + l = -2*k - 5*w, 3 = 3*k - w. Let f(y) be the third derivative of -y**6/120 - y**4/24 + 4*y**3/3 + y**2. Determine f(k).
8
Let v(u) = 7*u**2 + 3*u + 1. Let m = 17 - 8. Let n(j) = -j**2 + 8*j + 7. Let a be n(m). Determine v(a).
23
Let h(z) = -z**2 - 19*z + 70. Let p be h(-22). Let x(y) = -y**3 + 2*y**2 + 11*y - 6. Determine x(p).
6
Let d be ((-12)/(-15))/(24/10 - 2). Let w(z) = 2*z - 6*z**3 - 5*z**2 + 1 + 6*z**d + 5*z - 9*z. Give w(1).
-6
Let i(x) = x**2. Let q(c) = 6*c**2 - 7*c + 6. Suppose 2*d - 3 + 1 = 0. Let g(v) = d*q(v) - 5*i(v). What is g(4)?
-6
Let z(h) = h**3 + 3*h + 3. Let f = 8 + -12. Let c(u) = -u**2 - u - 1. Let q(k) = f*c(k) - z(k). Suppose -4*r + 19 = 4*s + 11, 3*r - 20 = 4*s. What is q(r)?
5
Let a(p) = 7*p**3 + p**2 + p + 3. Suppose -g + 6 - 4 = v, 2*v = -3*g + 4. Give a(v).
65
Let u(c) = -25 - 1 - 23*c + 27*c - 25 + 7. Calculate u(10).
-4
Let m(v) = 5*v - 3. Suppose -4*p = 2*r - 7*p + 2, 3*p - 10 = -2*r. Calculate m(r).
7
Let l(t) = 5*t**2 + 8 - 3 + t - 20*t**2 + 10*t**2 - t**3. Give l(-5).
0
Suppose -2*c - 2*c = -3*c. Let r be 12 - 12 - (2 - c). Let a(g) = 6*g + 3. Calculate a(r).
-9
Let o be (-158)/14 - (-6)/21. Let y = 16 - 25. Let p = y - o. Let h(w) = -w**3 + w - 2. What is h(p)?
-8
Let m be -5 - (-2*(3 + -2) + -4). Let y(u) = u + 1. Determine y(m).
2
Let u(f) be the third derivative of -f**5/60 - f**4/6 + f**3/6 - 4*f**2. Let l = -12 + 15. Suppose -l*n = -6*n - 9. Determine u(n).
4
Let v(x) = 3*x - 5. Let s be v(-9). Let d = s + 27. Let q(o) = -o. What is q(d)?
5
Suppose 0 = -97*r + 113*r - 64. Let o(u) = 1 + 3*u - 2*u + 1 + u. Give o(r).
10
Let k be (-2808)/(-44) + -1 - (-2)/11. Let a = k - 61. Let x(m) = 19*m - 2. Calculate x(a).
36
Let h(v) = -19*v + 4. Let a be h(-1). Let s(x) = a*x - 11*x - 1 - 13*x - 2. Determine s(-4).
1
Let f(i) = 22*i**2 - 3*i + 4. Let q(j) = 3*j**2 + j - 1. Let c(b) = f(b) - 7*q(b). Determine c(6).
-13
Let m be 5/(-30)*-2*33. Suppose 6 = s + m. Let p(x) = -x**3 - 6*x**2 - 2*x + 5. Determine p(s).
-10
Let z be ((-12)/42)/(1/7). Let w(y) = -2*y**2 + 2*y + 3. Give w(z).
-9
Let w(l) = -l**2 - 6*l + 2. Let d be w(-5). Let h(f) = -3*f - 1 + 5 - f**2 + d*f - 2*f. Let i(o) = -o**3 + 4*o**2 + 20*o. Let b be i(-3). What is h(b)?
1
Let o(p) be the first derivative of p**2/2 - 2*p - 523. Calculate o(4).
2
Let b(p) = -23*p - 3. Let k(j) = -15*j - 2. Let c(t) = 5*b(t) - 8*k(t). Suppose 3*x - 2 = 4. Suppose s = -s + x. Give c(s).
6
Let b(p) = 5*p**2 + p + 1 + 11*p**3 - 18*p**3 + 8*p**3 + 0*p. Determine b(-5).
-4
Let p(h) = -4*h**2 - 3*h - 1. Suppose 0 = x - 16 - 31. Let u = x - 49. Calculate p(u).
-11
Let z be 52/8 - -1*2/4. Let f(s) = -s**2 + 7 + 1 - 3*s + 8*s. Let x be f(z). Let a(h) = 2*h + 8. Give a(x).
-4
Let q(f) = -11*f**3 + 2*f**2 - 10*f + 21. Let r(v) = 5*v**3 + v**2 + v - 1. Let s(l) = q(l) + 2*r(l). Give s(3).
4
Let w(m) = 9*m**2 + m**3 + 3 - 3*m**2 - 15*m - 9 + 8*m. Let h(x) = -x**2 + 18*x - 7. Let r be h(18). Determine w(r).
-6
Let d(u) = -u**3 - 3*u**2 + u + 5. Let v be d(-3). Let x(h) = 2 - v - 3 - 7 + h. What is x(7)?
-3
Let a(s) = -s**3 + 16*s**2 - 17*s + 15. Let u be a(15). Let b be 6*-1*5/u. Let x(r) = -2 + 3*r**b + 7*r - 4*r**2 - 2. Calculate x(5).
6
Let f(q) be the third derivative of q**5/60 - 7*q**4/12 + 2*q**3/3 - q**2 - 19*q. Determine f(13).
-9
Let h = 3 - 1. Let n(t) = h - 5 + 2*t - 3*t. Calculate n(-2).
-1
Suppose i + 4 = -2*m + 15, 0 = i - 3*m - 21. Let z(k) = -k**3 + i + k**2 - 18 + 5*k - k. Determine z(3).
-9
Let f(k) = 5*k**2 - 2*k - 2. Let s(v) = 59*v**2 - 8*v + 0*v - 38*v**2 - 9. Let q(c) = -26*f(c) + 6*s(c). Calculate q(2).
-10
Let u = -163/2 + 499/6. Let f(a) be the first derivative of -3*a - u*a**3 + 1 - 3*a**2 + 1/4*a**4. Determine f(6).
-3
Let x be ((-132)/(-21) - 4) + (-4)/14. Let w(g) = 13*g**2 - 4*g + 5*g - x*g. Calculate w(-1).
14
Suppose 105 = 4*b - p, 5*b + 4*p + p = 150. Let f(a) = 6 - b*a - 40*a + a**2 + 55*a. Let q be f(11). Let y(r) = 2*r + 5. What is y(q)?
-5
Let h(c) = -13*c**2 + 4*c + 5. Suppose -2 = 3*t + 4. Let m be (6/(-21))/(t/14). Let k(b) = 3*b**2 - b - 1. Let p(o) = m*h(o) + 9*k(o). Calculate p(4).
13
Let p(j) = j - 1. Let d(n) = n - 1. Let o(u) = -2*d(u) + 3*p(u). Let s(t) = t**3 + 5*t**2 - 14*t. Let h be s(-7). Let g be (-3 - 21/(-6))*h. Give o(g).
-1
Let h(n) = -8*n - 154. Let a be h(-19). Let t(q) = -q - 5. Give t(a).
-3
Let c(i) = 2*i**3 - i**2 + i + 2. Suppose 3*b + 4*l + 10 = 0, -4*b + 2*l + 15 = -1. Calculate c(b).
16
Suppose 28 = -5*i + 3. Let r = 13 - 11. Let n(v) = 6*v - 3*v + v**r + 3*v - v. Give n(i).
0
Let y(v) = -3*v - 6. Let k be (-6)/3 - (3 + -6 + -2). Let q(z) = -2*z - 6. Let p(m) = k*y(m) - 4*q(m). Calculate p(-5).
11
Let q be 243/7 - (-6)/21. Suppose -j = 4*j - q. Let u be (-2)/j - (-320)/(-56). Let o(c) = -c**3 - 5*c**2 + 5*c - 5. Determine o(u).
1
Suppose 9*a - 14 = 7*a. Let s(c) = 4 + c + 2 - a - 2*c. Suppose -4*g + 20 = -0*g. Calculate s(g).
-6
Suppose -5*x + 0*f = f - 105, 4*f = -x + 40. Suppose -x = -5*c + 9*c. Let b(l) = -l**2 - 5*l - 1. Determine b(c).
-1
Let z(g) = g**3 - 7*g**2 - 6*g - 5. Let s be z(8). Let y = 10 - s. Let i = 4 - y. Let v(f) = f**3 - 6*f**2 + 3*f + 7. Calculate v(i).
-3
Let v(h) = -h**3 - 33*h**2 + 4*h + 131. Let b be v(-33). Let l(t) = 13*t**3 + 2*t**2 + 3*t + 2. Determine l(b).
-12
Let n(o) = 206 - 411 + 18*o + 204. Determine n(1).
17
Suppose 4*t + 21 = -15. Let p(j) = 3*j + 6. What is p(t)?